-257 = -2*y + d. What is the tens digit of y?
2
Suppose 3 = 4*q + 3*s, -4*s - 15 = 2*q - 3*q. Suppose 5*u - o - 19 = 0, -q*u + 0*u + 3*o = -21. What is the tens digit of u/1 - (-18)/2?
1
Let h(y) = 3*y - 4. Let q be h(8). Suppose 5*s - 4 = 6, -2*k + 5*s = -q. What is the tens digit of k?
1
Let z(d) = d + 6. What is the tens digit of z(6)?
1
Let a = 39 + -16. What is the tens digit of a?
2
What is the hundreds digit of (-3158)/(-12) - 2/12?
2
Let p(h) be the second derivative of -h**5/20 + 7*h**4/12 + h**3/3 + 5*h**2 - 4*h. What is the units digit of p(7)?
4
What is the tens digit of 106/4 - (-2)/4?
2
Suppose -4*i = -128 - 84. What is the tens digit of i?
5
Suppose o + 2*o - 18 = 0. Let w = o + 11. What is the units digit of w?
7
Let p = -3 - -3. Let y be (-20)/(-110) - 524/(-22). Suppose 4*i - y - 12 = p. What is the units digit of i?
9
Let w(c) = -c**2 + 7*c - 5. Let x be w(6). Suppose -x = s - 2. What is the tens digit of (-11)/(-1) - s - -2?
1
Suppose 2*v - 39 = v. What is the tens digit of v?
3
Let h be (4/3)/(2/9). Let u = 12 - h. Suppose 0 = 4*n - 6 - u. What is the units digit of n?
3
Suppose 0 = 4*g - 8*g + 56. Suppose 4*v - g = 6. What is the units digit of v?
5
What is the units digit of 2/(3/(-12) - 174/(-632))?
9
Let p(v) = -v**2 - 8*v + 4. What is the tens digit of p(-6)?
1
Let w(v) = 3*v**2 + 3. Let a be w(-3). Suppose 5*f = -a + 125. What is the tens digit of f?
1
Suppose 0 = 5*n + z - 216, -3*n - 2*z + 0*z + 131 = 0. What is the units digit of n?
3
Suppose -n = 2*n, 3*g - n = -3. What is the units digit of (0 + -2 + 1)*g?
1
Suppose -2*c - 436 = -6*c. Suppose v = -2*i - 3*v + 74, -5*v - c = -4*i. What is the tens digit of i?
3
Let g = 8 + -2. What is the tens digit of g/(-4)*(-1 + -19)?
3
Let i = -3 + 7. Suppose 12 = -i*k, k = 4*s - s - 27. Suppose 2*p - 3*h + 4 = 0, -p - h + s = -0*h. What is the units digit of p?
4
Let u(y) = -y**3 + 8*y**2 - 7*y - 4. Let p be u(7). What is the units digit of (18/4)/((-2)/p)?
9
Suppose 0 = -6*x + 8*x - 20. What is the units digit of x?
0
Suppose 0 = h + 3 - 7. Let y be 1*7 - h/2. Suppose y*q = 2*p - 5, 5*p - 6*q = -2*q + 21. What is the units digit of p?
5
What is the units digit of (0 + 12)*(-58)/(-6)?
6
What is the tens digit of 11 - (-3)/(3 + -6)?
1
Let p(l) = l**2 - l - 4. Let f be p(3). Suppose 0 = 5*r - f*r - 6. Suppose -r*h + 2*j + 6 = -0*j, 2*h + 4*j + 6 = 0. What is the units digit of h?
1
Suppose -4*w + 1128 = -4*g, -4*g = 4*w - 7*w + 848. What is the units digit of w?
0
Let t(m) = m - 4. Let a(z) = -z**3 + 4*z**2 - 2. Let r be a(2). Let b be t(r). Suppose b*n + 4 = -0, -11 = -3*c - 5*n. What is the units digit of c?
7
Suppose 32 = t + t. Let d be 9/4 + (-4)/t. Suppose 0 = -5*g + d*x + 31, g + 2*x - 2 = 9. What is the units digit of g?
7
Let a(m) = m**2 + 5*m - 3. Let u = -12 + 6. What is the units digit of a(u)?
3
Let d(o) = -o**3 - o**2 + 4*o + 10. What is the tens digit of d(-5)?
9
Let f = 556 - 381. What is the hundreds digit of f?
1
Let z = 25 + -43. Let x = -45 + 32. Let r = x - z. What is the units digit of r?
5
Let c(n) = 6*n - 6. What is the tens digit of c(5)?
2
Let h(b) = -b**3 - 6*b**2 + 10*b - 8. What is the units digit of h(-8)?
0
Suppose b - 148 = -3*b. What is the units digit of b?
7
Let v(g) = 4*g - 12. Suppose -5*f + 68 - 23 = 0. What is the units digit of v(f)?
4
Let c = 14 - 20. Let b = c + 8. What is the units digit of b?
2
What is the tens digit of 0 - (4 - 4) - -64?
6
What is the units digit of 65 - ((-8)/3 - 6/18)?
8
Let r = 31 - -6. Suppose 0 = -3*m - 9, -5*b = 5*m - r - 113. What is the units digit of b?
3
Let h(n) be the first derivative of 5/3*n**3 - 2 + 9/2*n**2 - 8*n - 1/4*n**4. What is the units digit of h(6)?
0
Let p(c) = c**3 + 5*c**2 - c - 4. Let j be p(-5). Let y(r) = 20*r**2. Let d be y(j). What is the tens digit of (0 - -2)*-1 + d?
1
Let u(t) = -6*t**3 + t. Let i(j) = -j**2 + 6*j - 5. Let p be i(4). Let g = -4 + p. What is the units digit of u(g)?
5
Let v = 44 + 35. What is the units digit of v?
9
Suppose 2*h + a - 14 = 3*a, 18 = 2*h - 3*a. What is the units digit of h?
3
Suppose -3 = n - 7. Suppose -5*s - 28 = -78. Suppose -3*j + n*j - s = 3*c, c = -3. What is the units digit of j?
1
Suppose -2*m = -5*c - 30, -3*c = 4*m + 12 + 32. Let v(j) = -j**2 - 9*j - 7. What is the units digit of v(c)?
1
Let o be (-2)/10 + (-3)/(-15). Let v(x) = -x + 150. Let s be v(o). What is the tens digit of s/14 + (-4)/(-14)?
1
Let l(w) = 2*w - 1. Let s be l(1). Let t = 2 + s. Suppose -o = -0*o - k - 9, -4*k = t*o - 41. What is the tens digit of o?
1
Let j = 61 - 43. Suppose 0 = 5*r - j - 22. What is the units digit of r?
8
Let x(r) = r**2 - 13*r + 11*r + 0*r**2 + 2. What is the units digit of x(2)?
2
Let x be (-26)/(-6) - (-4)/6. Suppose 4*g + x*d - 5 = 9, 2 = -4*g + 3*d. Suppose g = 2*u - 1. What is the units digit of u?
1
Let i(k) = -k**3 - 7*k**2. Let q be i(-7). Suppose q = -2*h - 14 + 36. Suppose 0 = 4*t - 55 + h. What is the units digit of t?
1
Suppose 2*d - 19 = -3*p, -14 = -0*d - d - 3*p. Suppose 5 = 5*o - d*b, 3*b - 13 = -5*o + 4*b. What is the units digit of o?
3
Let n(z) = z**3 + 13*z**2 - 13*z + 13. What is the units digit of n(-13)?
2
Let x(k) be the third derivative of 2*k**2 + 1/120*k**6 + 0 - 1/8*k**4 + 1/12*k**5 + 0*k - k**3. What is the units digit of x(-5)?
9
Let g(c) = c**2 + 11*c + 21. What is the tens digit of g(-13)?
4
Let m = -51 - -100. What is the units digit of m?
9
Suppose 4*h = 8, 3*y - 2*h - 3*h + 34 = 0. Let c = y - -14. Let d = c - 0. What is the units digit of d?
6
Let l = 6 - 9. Let j(h) = -h**2 - 10*h + 1. What is the tens digit of j(l)?
2
Suppose -8 = -5*j + 7. Suppose 4*g - 6 = j*g. What is the units digit of g?
6
Let q(g) = g**2 + 347*g**3 - 2 - 2*g**2 - 346*g**3. Let r(j) = -j - 1. Let m be r(-3). What is the units digit of q(m)?
2
Let t(r) = -r**2 - 32*r + 38. What is the units digit of t(-19)?
5
Let a be 180/(-42) - 4/(-14). What is the tens digit of ((-45)/6 + 3)*a?
1
Suppose 3*p = 8*p. Suppose 5*s + 4*h = 77, -2*h + 6 = -p*h. What is the units digit of s?
3
What is the units digit of -1 + 2 + 14 + 1?
6
Suppose 17 = 3*i - 127. Suppose -4*f = -4*p + 96, i = 3*p - p + 4*f. What is the units digit of p?
4
Let j(p) = -p**2 - p + 2. Let y be j(-2). Let r(n) = n**2 + n. Let i(o) = -o**3 - 3*o**2 - 2*o - 14. Let t(c) = -i(c) - 2*r(c). What is the units digit of t(y)?
4
Let w be ((-2)/(-4))/(1/16). Suppose 0 = 4*z - w. What is the units digit of (15/z)/((-12)/(-16))?
0
Suppose 25 = a - 112. What is the hundreds digit of a?
1
Suppose -6*n + n = -15. Let y(h) = -2*h + 7*h**2 + 0*h**3 + 2 + 1 - 2*h**2 + h**n. What is the units digit of y(-5)?
3
Suppose 2*p - p = 0. Suppose -3*y - 5*z + 95 = p, 5*y + 2*z - 7*z = 145. Suppose -y = -4*n - 2*c, -4*n + 27 = 2*c + 3*c. What is the units digit of n?
8
Let o(u) = 3*u**2 - 3*u - 5*u**2 + 3*u**3 - 2*u**2 + 7. What is the tens digit of o(3)?
4
Let q(d) be the second derivative of d**4/12 - d**3/3 + 3*d**2/2 - d. What is the tens digit of q(5)?
1
Let v(f) = f**3 - 3*f**2 + 3*f - 2. Let s be v(2). Suppose s = 3*t + t - 4. What is the units digit of t?
1
What is the units digit of (16/10)/((-3)/(-120))?
4
Suppose 4*u - 101 + 25 = 0. Suppose -2*y + u = -27. What is the tens digit of y?
2
Let a(k) = -6*k + 9. Let s(i) = 9*i - 13. Let o(j) = -8*a(j) - 5*s(j). What is the tens digit of o(7)?
1
Suppose 0 = -3*x - 2 - 7, -x = -w + 7. Suppose -5*p + p - 32 = -w*i, 2*i - 16 = p. Let s = -5 + i. What is the units digit of s?
3
Let d be 5 - (-2*1 - -4). Suppose 2*l + d*y + 6 = 0, -5*y - 4 = 4*l + 4. What is the units digit of 2 - 1*(2 - l)?
3
Let h(p) = p**3 - 17*p**2 + 17*p - 7. Let m be h(16). Let c(g) = -5 + g - 2*g**2 + g**3 - 7*g**2 + 3. What is the units digit of c(m)?
7
Let u = -40 - -88. What is the units digit of u?
8
Let h be ((-4)/(-6))/((-1)/(-15)). Let a(b) = b + 7 - 4 + 6. What is the units digit of a(h)?
9
Let b(f) = -8*f + 4. Let x(w) = 15*w - 8. Let p(i) = 11*b(i) + 6*x(i). Let y be 7 + 3/(9/(-6)). What is the units digit of p(y)?
6
Suppose 140 + 180 = 4*b. What is the units digit of b?
0
Let g be 12/(-8) + (-62)/4. What is the tens digit of (g/(-1))/1 + -1?
1
Suppose -20 = -5*j - 3*n, 10 = -2*n - 0*n. Let f = j - -1. What is the units digit of f?
8
Let c(g) = g**2 + 16*g + 11. Let w be c(-